4063?
3, 16007
What are the prime factors of 322187?
53, 6079
What are the prime factors of 5782123?
109, 53047
List the prime factors of 32580916.
2, 2543, 3203
List the prime factors of 6628227.
3, 2209409
List the prime factors of 3801327.
3, 1267109
List the prime factors of 110297.
11, 37, 271
List the prime factors of 39868733.
39868733
What are the prime factors of 1186113?
3, 19, 20809
List the prime factors of 1443575.
5, 7, 73, 113
What are the prime factors of 1568766?
2, 3, 47, 5563
List the prime factors of 547980.
2, 3, 5, 9133
List the prime factors of 1170771.
3, 7, 197, 283
List the prime factors of 448819.
7, 97, 661
List the prime factors of 9091532.
2, 17, 23, 5813
What are the prime factors of 7687789?
1217, 6317
What are the prime factors of 122687?
79, 1553
List the prime factors of 1151915.
5, 230383
List the prime factors of 1115371.
233, 4787
List the prime factors of 11833211.
13, 70019
List the prime factors of 29495662.
2, 7, 2106833
List the prime factors of 381865.
5, 11, 53, 131
List the prime factors of 668340.
2, 3, 5, 47, 79
What are the prime factors of 219746?
2, 109873
What are the prime factors of 591188?
2, 13, 11369
What are the prime factors of 30686908?
2, 7, 1095961
List the prime factors of 379825.
5, 15193
List the prime factors of 477674.
2, 238837
What are the prime factors of 2252809?
13, 173293
What are the prime factors of 1106764?
2, 271, 1021
List the prime factors of 33705.
3, 5, 7, 107
List the prime factors of 34954.
2, 17477
What are the prime factors of 2722158?
2, 3, 43, 3517
What are the prime factors of 761178?
2, 3, 11, 19, 607
List the prime factors of 17895151.
17895151
What are the prime factors of 1061290?
2, 5, 106129
List the prime factors of 1490011.
1490011
List the prime factors of 5337728.
2, 11, 17, 223
List the prime factors of 325765.
5, 11, 5923
List the prime factors of 1044743.
7, 149249
List the prime factors of 5024655.
3, 5, 111659
What are the prime factors of 6562032?
2, 3, 136709
What are the prime factors of 1103518?
2, 13, 42443
What are the prime factors of 59179?
23, 31, 83
List the prime factors of 1043663.
1043663
What are the prime factors of 1455619?
11, 132329
What are the prime factors of 62012?
2, 37, 419
What are the prime factors of 641686?
2, 320843
What are the prime factors of 30701?
11, 2791
What are the prime factors of 687320?
2, 5, 17183
What are the prime factors of 4951500?
2, 3, 5, 3301
List the prime factors of 787422.
2, 3, 263, 499
What are the prime factors of 2152003?
7, 29, 10601
What are the prime factors of 165023?
59, 2797
List the prime factors of 673738.
2, 13, 25913
List the prime factors of 950908.
2, 7, 33961
What are the prime factors of 75336?
2, 3, 43, 73
List the prime factors of 1160275.
5, 46411
What are the prime factors of 829438?
2, 229, 1811
List the prime factors of 1496076.
2, 3, 124673
List the prime factors of 1088772.
2, 3, 90731
List the prime factors of 17479447.
17479447
What are the prime factors of 27303?
3, 19, 479
List the prime factors of 987241.
17, 58073
What are the prime factors of 2255840?
2, 5, 23, 613
What are the prime factors of 22776203?
4157, 5479
List the prime factors of 3885199.
31, 125329
What are the prime factors of 4520488?
2, 7, 89, 907
What are the prime factors of 501999?
3, 19, 8807
What are the prime factors of 2791698?
2, 3, 7, 13, 5113
List the prime factors of 589852.
2, 239, 617
List the prime factors of 5186491.
5186491
List the prime factors of 22587306.
2, 3, 7, 537793
What are the prime factors of 201429?
3, 22381
List the prime factors of 21984623.
37, 594179
List the prime factors of 610150.
2, 5, 12203
What are the prime factors of 8845476?
2, 3, 83, 107
List the prime factors of 1170509.
41, 28549
What are the prime factors of 1084104?
2, 3, 7, 239
List the prime factors of 119360.
2, 5, 373
List the prime factors of 107924.
2, 26981
List the prime factors of 78810.
2, 3, 5, 37, 71
List the prime factors of 10217.
17, 601
List the prime factors of 187143.
3, 11, 53, 107
List the prime factors of 20205248.
2, 7, 17, 379
List the prime factors of 2755838.
2, 31, 44449
What are the prime factors of 2019865?
5, 41, 59, 167
List the prime factors of 4671999.
3, 57679
List the prime factors of 4386888.
2, 3, 11, 29, 191
List the prime factors of 262146.
2, 3, 43691
What are the prime factors of 1242547?
17, 73091
What are the prime factors of 717812?
2, 179453
List the prime factors of 1139992.
2, 7, 20357
List the prime factors of 5863263.
3, 7, 279203
List the prime factors of 27941470.
2, 5, 2794147
What are the prime factors of 663418?
2, 7, 47387
List the prime factors of 391812.
2, 3, 103, 317
List the prime factors of 751223.
11, 31, 2203
What are the prime factors of 543360?
2, 3, 5, 283
List the prime factors of 112007.
7, 16001
List the prime factors of 347896.
2, 43487
List the prime factors of 2084796.
2, 3, 7, 8273
What are the prime factors of 11455416?
2, 3, 7, 17, 191
What are the prime factors of 1141294?
2, 7, 11, 7411
What are the prime factors of 28458220?
2, 5, 7, 71, 409
List the prime factors of 87682.
2, 7, 6263
What are the prime factors of 769112?
2, 127, 757
What are the prime factors of 22547293?
1063, 21211
List the prime factors of 16399901.
7, 167, 14029
What are the prime factors of 14429189?
19, 759431
List the prime factors of 4447344.
2, 3, 11, 8423
List the prime factors of 30090831.
3, 23, 131, 3329
What are the prime factors of 5067?
3, 563
What are the prime factors of 2648780?
2, 5, 132439
List the prime factors of 1066444.
2, 17, 15683
What are the prime factors of 1528643?
1528643
List the prime factors of 11466441.
3, 7, 107
List the prime factors of 9959076.
2, 3, 17, 16273
List the prime factors of 8232724.
2, 173, 11897
What are the prime factors of 1900481?
11, 17, 10163
What are the prime factors of 94308?
2, 3, 29, 271
What are the prime factors of 166011?
3, 55337
What are the prime factors of 751739?
751739
List the prime factors of 830571.
3, 7, 39551
List the prime factors of 572385.
3, 5, 11, 3469
List the prime factors of 32474627.
32474627
List the prime factors of 793009.
7, 113287
List the prime factors of 1198027.
67, 17881
List the prime factors of 183731.
313, 587
What are the prime factors of 2957595?
3, 5, 37, 73
List the prime factors of 1533524.
2, 107, 3583
List the prime factors of 1580541.
3, 17, 1823
What are the prime factors of 533313?
3, 11, 5387
List the prime factors of 34200.
2, 3, 5, 19
What are the prime factors of 681026?
2, 167, 2039
List the prime factors of 336914.
2, 168457
What are the prime factors of 99645?
3, 5, 7, 13, 73
What are the prime factors of 15169?
7, 11, 197
What are the prime factors of 7927051?
11, 53, 13597
What are the prime factors of 56186?
2, 13, 2161
What are the prime factors of 574131?
3, 211, 907
What are the prime factors of 204830?
2, 5, 20483
List the prime factors of 363033.
3, 11, 19, 193
What are the prime factors of 14193?
3, 19, 83
List the prime factors of 1663009.
1663009
List the prime factors of 19424874.
2, 3, 7, 66071
What are the prime factors of 3672675?
3, 5, 5441
What are the prime factors of 247637?
13, 43, 443
List the prime factors of 2085790.
2, 5, 7, 83, 359
What are the prime factors of 1507042?
2, 19, 39659
List the prime factors of 110215.
5, 7, 47, 67
What are the prime factors of 53621?
29, 43
List the prime factors of 1362591.
3, 101, 1499
List the prime factors of 290918.
2, 145459
List the prime factors of 599766.
2, 3, 99961
What are the prime factors of 302269?
11, 27479
List the prime factors of 339114.
2, 3, 56519
What are the prime factors of 7478242?
2, 101, 37021
List the prime factors of 869705.
5, 31, 181
List the prime factors of 462518.
2, 7, 33037
List the prime factors of 116664.
2, 3, 4861
What are the prime factors of 975546?
2, 3, 11, 13, 379
What are the prime factors of 1715291?
467, 3673
What are the prime factors of 563150?
2, 5, 7, 1609
What are the prime factors of 4360164?
2, 3, 127, 2861
What are the prime factors of 19700823?
3, 167, 39323
List the prime factors of 5425.
5, 7, 31
What are the prime factors of 1029039?
3, 11, 31183
What are the prime factors of 119973?
3, 7, 29, 197
What are the prime factors